6*f + 8*f. Calculate r(-12).
13
Let a(x) = 0*x**3 + x**3 - 2 - 54*x**2 - x + 82*x**2 - 24*x**2. What is a(-2)?
8
Let x(t) = t - 6. Let k(y) = y**3 + y**2 - 15*y + 28. Let h be k(-5). Determine x(h).
-3
Let y(z) = z**3 + 7*z**2 + 5*z - 8. Suppose 5*p - 9 - 1 = 0. Let k be (9 - p)*18/(-21). Calculate y(k).
-2
Let l(d) = d**3 - 3*d**2 - 7*d + 7. Let j(c) = -c**2 - 8*c - 7. Let a be j(-2). Determine l(a).
22
Let t(g) = g**2 + 7*g - 3. Suppose 2*z = 7*z - 10. Suppose -z*p = -5*x - 29, 20 = -5*x - 2*p + 7*p. Calculate t(x).
-3
Let m(j) be the first derivative of 2*j - 19 + 1/2*j**2. Determine m(5).
7
Let c(d) be the second derivative of -5*d**4/12 + 5*d**3/6 + 2*d**2 - 2*d + 204. What is c(-1)?
-6
Let d(r) = 13*r**3 - 9*r**2 + 5*r + 5. Let q(p) = 3*p**3 - 2*p**2 + p + 1. Let m(t) = 2*d(t) - 9*q(t). What is m(-2)?
7
Let t = 1699 - 1694. Let d(j) be the third derivative of -j**5/60 + j**4/4 - 5*j**3/6 - j**2. What is d(t)?
0
Let h(u) = u**2 + 3. Suppose 2*i + 2*a - 7 + 3 = 0, 2*i + 4*a = -2. Let k(r) = -3*r + 15. Let n be k(i). Calculate h(n).
3
Suppose -7*a = -14*a. Let s = 3 + a. Let i(q) = -q**2 - 1 + q**2 - 5*q + q**2. Calculate i(s).
-7
Let q(v) = v. Let b(k) = -5*k - 3. Let a(l) = b(l) + 4*q(l). Determine a(-1).
-2
Let m(q) = -2*q**3 - 4*q**2 + 8*q + 15. Let y be m(-2). Let l(w) = -3*w**3 - 5*w - 4. Give l(y).
4
Let d(r) be the second derivative of r**5/20 - r**4/4 - r**3/2 - 2*r**2 - 2*r. Let q = 24 - 13. Suppose 5*m = 2*f - q, 5*m - 1 + 9 = f. Give d(f).
-13
Let o(h) = h + 2. Let c(a) = -7*a - 8. Let z be c(0). Determine o(z).
-6
Let g(i) = i**2 - 15*i + 15. Let r(y) = -y**2 + 13*y + 14. Let x be r(13). Calculate g(x).
1
Suppose 2*t - 5 = t, 5*w + 5*t = 40. Let a(j) be the first derivative of -3 - 4/3*j**3 + 1/4*j**4 + 2*j**2 + 0*j. Calculate a(w).
3
Let m be 2*(-2)/(-2) - (-10)/2. Let t(o) be the third derivative of o**5/60 - o**4/4 - o**3 + 2*o**2. What is t(m)?
1
Let a(o) = o - 8. Let u = 119 + -117. Suppose -u = 3*y + w, -2 = -6*y + y + w. Give a(y).
-8
Let a(z) = -2*z**3 - 15*z**2 - 5*z + 62. Let o be a(-6). Let j(n) = -2*n**3 - 31*n**2 + 17*n + 21. Give j(o).
5
Suppose 35 = 5*d - 4*p, -d + 29*p - 25*p + 23 = 0. Let x(z) be the first derivative of 2*z**3/3 - 2*z**2 + z - 1. Calculate x(d).
7
Let v(t) = 2*t - 11. Suppose 5*g - 55 = n - 5*n, -n + 26 = 3*g. Determine v(g).
3
Let f(a) = -a**2 + 6. Let g = -278 + 281. Give f(g).
-3
Let m(k) be the first derivative of k**4/4 - k**3/3 - k**2/2 - 16*k - 37. Give m(0).
-16
Let u(j) be the second derivative of 5*j**3/6 - 21*j**2/2 + 238*j. Determine u(6).
9
Let r(h) = -h**2 - 2*h + 1. Let v(k) = k**2 + 2*k - 1. Suppose -3*d = 0, 4*m = -0*m - d - 24. Let j(l) = m*v(l) - 7*r(l). Determine j(-2).
-1
Let j(u) = -27*u - 1. Let r(b) = 61*b + 3. Let a(v) = -7*j(v) - 3*r(v). Give a(5).
28
Let h(l) = -6*l + 2. Let q = 1 + 2. Suppose 4*v - q - 9 = 0. Suppose 0*b = 5*b + 4*f + 14, v*f = -3*b - 9. Give h(b).
14
Let i(b) = -b**3 - 4*b**2 - 2*b + 4. Let k(g) = 16*g**2 + 1. Let o be k(-1). Let z(l) = l**3 - 16*l**2 - 18*l + 13. Let m be z(o). Determine i(m).
12
Let p(b) = b + 0*b - 407 + 216 + 210. Determine p(-11).
8
Let c(a) = 4*a**2 - 3*a. Let j(p) = p**2 - p. Let n(d) = -c(d) + 3*j(d). What is n(5)?
-25
Let v be (2 - (-1 + -1)) + 2. Let l(o) be the second derivative of -o**5/20 + 7*o**4/12 - 5*o**3/6 - 3*o**2 - 28*o. Calculate l(v).
0
Let p be (-4)/(-2*(-1)/2). Let r(m) = m**3 - 6*m**2 + 12*m - 8. Let a be r(6). Let w(i) = -76 - a - 2*i + 145 - i**2 - i. Determine w(p).
1
Let h(c) = c**2 - 8*c + 2. Let y(m) = -m**3 - 12*m**2 - 14*m - 27. Let u(o) = o**3 - 6*o**2 + 3*o - 1. Let v be u(5). Let a be y(v). Calculate h(a).
-10
Let v = -123 - -120. Let u(h) = 3 - 3 + 11*h - 12*h. Give u(v).
3
Let y be 5 + -6 + -1 + 5. Let j(s) be the first derivative of -3/2*s**2 - 3*s + 2/3*s**3 + 2. Calculate j(y).
6
Let v(g) = -2*g + 3. Let l be -24 + 23 - 1*(2 - 0). Calculate v(l).
9
Let m(k) = -17*k - 10. Let a(o) = 4*o - 1. Let y(d) = -4*a(d) - m(d). What is y(-16)?
-2
Let l = -266 - -271. Let y(b) = b**2 - 5*b + 5. Calculate y(l).
5
Let x(h) = -1 + 1 - 7*h**2 - h + 5 - h**3 - 1. Determine x(-3).
-29
Let m(a) be the third derivative of 3*a**2 + 5/2*a**3 + 11/24*a**4 - 3/20*a**5 + 0 - 1/120*a**6 - 2*a. Determine m(-10).
5
Suppose -2*q - 15 = 3*g + q, 5*g + 4*q + 20 = 0. Suppose -l - 10 + 14 = g. Let k(h) = -h - 3. What is k(l)?
-7
Let n(y) = 1. Let s(v) be the first derivative of -v**3/3 + v**2/2 - 3*v - 12. Let c(f) = 6*n(f) + s(f). What is c(3)?
-3
Let g be 92/(-20) + (-8)/20. Let p(w) = 5*w**2 + 2*w + 3. Let a(y) = -4*y**2 - 3*y - 2. Let d(n) = 4*a(n) + 3*p(n). What is d(g)?
6
Let n(v) = 3*v**2 + 15*v - 14. Let t(f) = f**2 + 5*f - 5. Let l(u) = -3*n(u) + 8*t(u). Let w be 3/(80/28 + -3). Let z = w - -15. What is l(z)?
-4
Suppose -4*z = -2*z - 5*h - 9, z - 5*h + 3 = 0. Let r = z + -8. Let w(y) = -y**3 + 4*y**2 - 4*y + 4. Calculate w(r).
-12
Let d = -1107 + 1117. Let z(c) = 4*c - 16. What is z(d)?
24
Suppose -2*q - 14 = 4*g - 0, 5*g + 37 = 4*q. Let j(y) = -y**3 - 10*y + 13*y - q + y**2 + 2. Let o be -2*-1*3/3. Give j(o).
1
Suppose 3*v = -3*v + 78. Let j(m) = -m + 11. Calculate j(v).
-2
Let f(o) = -1 + 2 - 2*o**3 + 3*o**3 + 2*o**2 - 2*o. Let m(k) = 5*k + 2. Let p be m(-1). What is f(p)?
-2
Let y(i) = 2*i**3 + 8*i**2 - 9*i - 38. Let m be y(-3). Let r(g) = -g**3 + 6*g**2 + 10*g - 12. What is r(m)?
9
Suppose 3*a = 11 + 10. Let v(y) = a*y - 11*y - 2 - 4*y - y**2. Give v(-3).
13
Let d(i) = i**2 + 10*i + 10. Let y(z) = z**2 + 6*z - 5. Let w be y(-7). Suppose 21 = 3*s - 3*u, -2*s - 2*u - w = -s. Let t be 2/s*-1*16. Determine d(t).
-6
Let w(u) = u**2 + 2*u - 2. Let g(t) = -7*t + 8. Let o(a) = a. Let q(s) = g(s) + 5*o(s). Suppose 6*l - 2*l - 24 = 0. Let r be q(l). Determine w(r).
6
Let v(x) = x - 7. Let r(m) = m**2 + 9*m - 7. Let g be r(-10). Suppose 0 = -4*c + 12, -9 = 3*s - g*c. What is v(s)?
-7
Let j(s) = 11*s**2 + s + 12. Let i(t) = 22*t**2 + 3*t + 28. Let c(f) = -3*i(f) + 7*j(f). What is c(-2)?
48
Let h(w) be the second derivative of -w**3/6 + 7*w**2 - 3*w. Suppose 563*m - 569*m = -66. Determine h(m).
3
Let n = -1619 + 1623. Let c(k) = -k**3 + 5*k**2 - 2*k + 1. What is c(n)?
9
Suppose 57*s + 151 = 37. Let u(k) = k**3 + 3*k**2 + 2*k + 4. Give u(s).
4
Suppose 4*y - 15*y + 462 = 0. Let a(v) = 42*v + y*v + 11 - 85*v. What is a(0)?
11
Let m(d) = -4*d**3 + 13*d**2 - 5*d - 3. Let g(a) = a**3 - 3*a**2 + a + 1. Let x = 43 + -34. Let z(f) = x*g(f) + 2*m(f). Determine z(3).
18
Let p(h) = h**3 - 2*h**2 + 2*h - 3. Suppose 2859*o - 2866*o = -14. Determine p(o).
1
Let m = 3 - 7. Let d(k) = -k**2 + 1. Let g(u) = -6*u + 52*u**2 - 8 - 3 + u**3 - 26*u**2 - 18*u**2. Let j(r) = 5*d(r) + g(r). Give j(m).
2
Let s(u) be the second derivative of -u**5/60 + 5*u**4/24 - u**3/3 + 3*u**2 - 17*u. Let o(t) be the first derivative of s(t). Give o(2).
4
Suppose -4*j - 11 = 1. Let d(o) = -6*o**3 + o**2 - o + 2. Let q(r) = -3*r**2 + 2*r**2 + r**3 + 4*r**2 - 4*r**2. Let a(l) = d(l) + 5*q(l). Give a(j).
-4
Suppose -1519*o = -1516*o - 15. Let m(t) = t**2 - 5*t - 11. What is m(o)?
-11
Suppose -285 + 281 = -w. Let q(s) = 2*s + 6 - 2 + 2*s**2 + s**3 + 0*s**3 - 6*s**2. Give q(w).
12
Let l = 6 + -4. Suppose z - 12 = -3*z - 2*w, 2*z - 2*w = -6. Let q(o) = o**l - o - o - z - 3*o + 0*o. What is q(6)?
5
Suppose 3*q - 4*q = -3*v - 27, 3*v = 3*q - 33. Let n(b) = -9*b**2 - 3*b**3 - b**3 + b**3 - 8*b + 3 + 2*b**3. Calculate n(v).
3
Let f = -21 + 14. Let s be -6*3/(-6) + f. Let l(c) = -2*c + 1. Let n(v) = -9*v. Let h(j) = 5*l(j) - n(j). Determine h(s).
9
Let l(i) be the third derivative of -13*i**4/24 - i**3/6 + i**2 - 8*i. Give l(1).
-14
Suppose -10 = 5*j, 0*w + 3*j = 2*w - 16. Suppose 0 = 3*z - 3, 5*p + 3*z - 48 = -w. Let v(o) = -o**3 + 9*o**2 - 9*o + 11. Give v(p).
3
Let j(h) = 32*h**2 + 120*h + 1. Let n(u) = 24*u. Let d(v) = j(v) - 5*n(v). What is d(1)?
33
Let r(m) = m**2 + 5*m + 3 - 4 + 0*m. Let k be -20*(48/(-20))/6. Suppose -y = y + k. Calculate r(y).
-5
Let s(r) be the second derivative of -r**3/2 + 13*r**2/2 + 7*r - 3. Determine s(11).
-20
Let y(j) be the first derivative of -5 - 1/2*j**2 - 4*j. What is y(-6)?
2
Let t be (-60)/(3 - 7) + 1. Let u be (-2)/8 - (-68)/t. Let o(w) = -2 + w + 1 + 2 - u*w. Determine o(5).
-14
Suppose 11*l = 6*l + 30. Suppose 3*f + o - l = 0, -